{"id":556,"date":"2020-06-24T17:57:36","date_gmt":"2020-06-24T17:57:36","guid":{"rendered":"https:\/\/www.memorialpharmacyrx.com\/main\/?page_id=556"},"modified":"2020-06-24T20:06:42","modified_gmt":"2020-06-24T20:06:42","slug":"elementor-556","status":"publish","type":"page","link":"https:\/\/www.memorialpharmacyrx.com\/main\/elementor-556\/","title":{"rendered":"AVISO HIPAA DE PRACTICAS DE PRIVACIDAD\u200b"},"content":{"rendered":"\t\t<div data-elementor-type=\"wp-page\" data-elementor-id=\"556\" class=\"elementor elementor-556\">\n\t\t\t\t\t\t<section class=\"elementor-section elementor-top-section elementor-element elementor-element-8787122 elementor-section-boxed elementor-section-height-default elementor-section-height-default\" data-id=\"8787122\" data-element_type=\"section\" data-settings=\"{&quot;background_background&quot;:&quot;classic&quot;}\">\n\t\t\t\t\t\t<div class=\"elementor-container elementor-column-gap-default\">\n\t\t\t\t\t<div class=\"elementor-column elementor-col-100 elementor-top-column elementor-element elementor-element-d0b6ace\" data-id=\"d0b6ace\" data-element_type=\"column\">\n\t\t\t<div class=\"elementor-widget-wrap elementor-element-populated\">\n\t\t\t\t\t\t<div class=\"elementor-element elementor-element-63e9f26 elementor-widget elementor-widget-heading\" data-id=\"63e9f26\" data-element_type=\"widget\" data-widget_type=\"heading.default\">\n\t\t\t\t<div class=\"elementor-widget-container\">\n\t\t\t\t\t<h2 class=\"elementor-heading-title elementor-size-default\">aviso hipaa de practicas de privacidad<\/h2>\t\t\t\t<\/div>\n\t\t\t\t<\/div>\n\t\t\t\t\t<\/div>\n\t\t<\/div>\n\t\t\t\t\t<\/div>\n\t\t<\/section>\n\t\t\t\t<section class=\"elementor-section elementor-top-section elementor-element elementor-element-a159be2 elementor-section-boxed elementor-section-height-default elementor-section-height-default\" data-id=\"a159be2\" data-element_type=\"section\">\n\t\t\t\t\t\t<div class=\"elementor-container elementor-column-gap-default\">\n\t\t\t\t\t<div class=\"elementor-column elementor-col-100 elementor-top-column elementor-element elementor-element-09284b9\" data-id=\"09284b9\" data-element_type=\"column\">\n\t\t\t<div class=\"elementor-widget-wrap elementor-element-populated\">\n\t\t\t\t\t\t<div class=\"elementor-element elementor-element-3c9f552 elementor-widget elementor-widget-text-editor\" data-id=\"3c9f552\" data-element_type=\"widget\" data-widget_type=\"text-editor.default\">\n\t\t\t\t<div class=\"elementor-widget-container\">\n\t\t\t\t\t\t\t\t\t<p><strong>Su informaci\u00f3n. Sus derechos. Nuestras responsabilidades.<\/strong><\/p>\n<p>Esta notificaci\u00f3n describe c\u00f3mo puede utilizarse y divulgarse su informaci\u00f3n m\u00e9dica, y c\u00f3mo puede acceder usted a esta informaci\u00f3n. <strong>Rev\u00edsela con cuidado.<\/strong><\/p>\n<h3><u>Sus derechos<\/u><\/h3>\n<p>Usted cuenta con los siguientes derechos:<\/p>\n<ul>\n<li>Obtener una copia de su historial m\u00e9dico en papel o en formato electr\u00f3nico.<\/li>\n<li>Corregir en papel o en formato electr\u00f3nico su historial m\u00e9dico.<\/li>\n<li>Solicitar comunicaci\u00f3n confidencial.<\/li>\n<li>Pedirnos que limitemos la informaci\u00f3n que compartimos.<\/li>\n<li>Recibir una lista de aquellos con quienes hemos compartido su informaci\u00f3n.<\/li>\n<li>Obtener una copia de esta notificaci\u00f3n de privacidad.<\/li>\n<li>Elegir a alguien que act\u00fae en su nombre.<\/li>\n<li>Presentar una queja si considera que se violaron sus derechos de privacidad.<\/li>\n<\/ul>\n<h3><u>Sus opciones<\/u><\/h3>\n<p>Tiene algunas opciones con respecto a la manera en que utilizamos y compartimos informaci\u00f3n cuando:<\/p>\n<ul>\n<li>Le contamos a su familia y amigos sobre su estado personal.<\/li>\n<li>Proporcionamos alivio en caso de una cat\u00e1strofe.<\/li>\n<li>Lo incluimos en un directorio hospitalario.<\/li>\n<li>Proporcionamos atenci\u00f3n m\u00e9dica mental.<\/li>\n<li>Comercializamos nuestros servicios y vendemos su informaci\u00f3n.<\/li>\n<li>Recaudamos fondos.<\/li>\n<\/ul>\n<h3><u>Nuestros usos y divulgaciones<\/u><\/h3>\n<p>Podemos utilizar y compartir su informaci\u00f3n cuando:<\/p>\n<ul>\n<li>Lo atendemos.<\/li>\n<li>Dirigimos nuestra organizaci\u00f3n.<\/li>\n<li>Facturamos por sus servicios.<\/li>\n<li>Ayudamos con asuntos de seguridad y salud p\u00fablica.<\/li>\n<li>Realizamos investigaciones m\u00e9dicas.<\/li>\n<li>Cumplimos con la ley.<\/li>\n<li>Respondemos a las solicitudes de donaci\u00f3n de \u00f3rganos y tejidos.<\/li>\n<li>Trabajamos con un m\u00e9dico forense o director funerario.<\/li>\n<li>Tratamos la compensaci\u00f3n de trabajadores, el cumplimiento de la ley y otras solicitudes gubernamentales.<\/li>\n<li>Respondemos a demandas y acciones legales.<\/li>\n<\/ul>\n<p><\/p>\n<p><\/p>\n<p><\/p>\n<p><\/p>\n<h3><u>Sus derechos<\/u><\/h3>\n<p><strong>Cuando se trata de su informaci\u00f3n m\u00e9dica, usted tiene ciertos derechos.<\/strong> Esta secci\u00f3n explica sus derechos y algunas de nuestras responsabilidades para ayudarlo.<\/p>\n<h3>Obtener una copia en formato electr\u00f3nico o <u>en papel de su <br>historial m\u00e9dico<br><\/u><u>historial m\u00e9dico<\/u><\/h3>\n<ul>\n<li>Puede solicitar que le muestren o le entreguen una copia en formato electr\u00f3nico o en papel de su historial m\u00e9dico y otra informaci\u00f3n m\u00e9dica que tengamos de usted. Preg\u00fantenos c\u00f3mo hacerlo.<\/li>\n<li>Le entregaremos una copia o un resumen de su informaci\u00f3n m\u00e9dica, generalmente dentro de 30 d\u00edas de su solicitud. Podemos cobrar un cargo razonable en base al costo.<\/li>\n<\/ul>\n<h3><u>Solicitarnos que corrijamos su historial m\u00e9dico<\/u><\/h3>\n<ul>\n<li>Puede solicitarnos que corrijamos la informaci\u00f3n m\u00e9dica sobre usted que piensa <br>que es incorrecta o est\u00e1 incompleta. Preg\u00fantenos c\u00f3mo hacerlo.<\/li>\n<li>Podemos decir \u201cno\u201d a su solicitud, pero le daremos una raz\u00f3n por escrito dentro de 60 d\u00edas.<\/li>\n<\/ul>\n<h3><u>Solicitar comunicaciones confidenciales<\/u><\/h3>\n<ul>\n<li>Puede solicitarnos que nos comuniquemos con usted de una manera espec\u00edfica <br>(por ejemplo, por tel\u00e9fono particular o laboral) o que enviemos la correspondencia <br>a una direcci\u00f3n diferente.<\/li>\n<li>Le diremos \u201cs\u00ed\u201d a todas las solicitudes razonables.<\/li>\n<\/ul>\n<h3><u>Solicitarnos que limitemos lo que utilizamos o compartimos<\/u><\/h3>\n<ul>\n<li>Puede solicitarnos que no utilicemos ni compartamos determinada informaci\u00f3n m\u00e9dica para el tratamiento, pago o para nuestras operaciones. No estamos obligados a aceptar su solicitud, y podemos decir \u201cno\u201d si esto afectara su atenci\u00f3n.<\/li>\n<li>Si paga por un servicio o art\u00edculo de atenci\u00f3n m\u00e9dica por cuenta propia en su totalidad, puede solicitarnos que no compartamos esa informaci\u00f3n con el prop\u00f3sito de pago o nuestras operaciones con su aseguradora m\u00e9dica. Diremos \u201cs\u00ed\u201d a menos que una ley requiera que compartamos dicha informaci\u00f3n.<\/li>\n<\/ul>\n<h3><u>Recibir una lista de aquellos con quienes hemos compartido informaci\u00f3n<\/u><\/h3>\n<ul>\n<li>Puede solicitar una lista (informe) de las veces que hemos compartido su informaci\u00f3n m\u00e9dica durante los seis a\u00f1os previos a la fecha de su solicitud, con qui\u00e9n la hemos compartido y por qu\u00e9.<\/li>\n<li>Incluiremos todas las divulgaciones excepto aquellas sobre el tratamiento, pago y operaciones de atenci\u00f3n m\u00e9dica, y otras divulgaciones determinadas (como cualquiera de las que usted nos haya solicitado hacer). Le proporcionaremos un informe gratis por a\u00f1o pero cobraremos un cargo razonable en base al costo si usted solicita otro dentro de los 12 meses.<\/li>\n<\/ul>\n<h3><u>Obtener una copia de esta notificaci\u00f3n de privacidad<\/u><\/h3>\n<ul>\n<li>Puede solicitar una copia en papel de esta notificaci\u00f3n en cualquier momento, incluso si acord\u00f3 recibir la notificaci\u00f3n de forma electr\u00f3nica. Le proporcionaremos una copia en papel de inmediato.<\/li>\n<\/ul>\n<h3><u>Elegir a alguien para que act\u00fae en su nombre<\/u><\/h3>\n<ul>\n<li>Si usted le ha otorgado a alguien la representaci\u00f3n m\u00e9dica o si alguien es su tutor legal, aquella persona puede ejercer sus derechos y tomar decisiones sobre su informaci\u00f3n m\u00e9dica.<\/li>\n<li>Nos aseguraremos de que la persona tenga esta autoridad y pueda actuar en su nombre antes de tomar cualquier medida.<\/li>\n<\/ul>\n<h3><u>Presentar una queja si considera que se violaron sus derechos<\/u><\/h3>\n<ul>\n<li>Si considera que hemos violado sus derechos, puede presentar una queja comunic\u00e1ndose con nosotros por medio de la informaci\u00f3n de la p\u00e1gina 1.<\/li>\n<li>Puede presentar una queja en la Oficina de Derechos Civiles del Departamento de <br>Salud y Servicios Humanos enviando una carta a: Department of Health and Human <br>Services, 200 Independence Avenue, S.W., Washington, D.C. 20201, llamando al <br>1-800-368-1019 o visitando <strong>hhs.gov\/ocr\/privacy\/hipaa\/understanding\/consumers\/factsheets_spanish.html<\/strong>,<strong> <br><\/strong>los \u00faltimos dos disponibles en espa\u00f1ol.<\/li>\n<li>No tomaremos represalias en su contra por la presentaci\u00f3n de una queja.<\/li>\n<\/ul>\n<h3><u>Sus opciones<\/u><\/h3>\n<p><strong>Para determinada informaci\u00f3n m\u00e9dica, puede decirnos sus decisiones sobre qu\u00e9 compartimos.<\/strong> <br>Si tiene una preferencia clara de c\u00f3mo compartimos su informaci\u00f3n en las situaciones descritas debajo, comun\u00edquese con nosotros. D\u00edganos qu\u00e9 quiere que hagamos, y seguiremos sus instrucciones.<\/p>\n<p><\/p>\n<h3><u>En estos casos, tiene tanto el derecho como la opci\u00f3n de pedirnos que:<\/u><\/h3>\n<ul>\n<li>Compartamos informaci\u00f3n con su familia, amigos cercanos u otras personas involucradas en su atenci\u00f3n.<\/li>\n<li>Compartamos informaci\u00f3n en una situaci\u00f3n de alivio en caso de una cat\u00e1strofe.<\/li>\n<li>Incluyamos su informaci\u00f3n en un directorio hospitalario.<\/li>\n<\/ul>\n<p><em>Si no puede decirnos su preferencia, por ejemplo, si se encuentra inconsciente, podemos seguir adelante y compartir su informaci\u00f3n si creemos que es para beneficio propio. Tambi\u00e9n podemos compartir su informaci\u00f3n cuando sea necesario para reducir una amenaza grave e inminente a la salud o seguridad.<\/em><\/p>\n<p><em>&nbsp;<\/em><\/p>\n<h3><u>En estos casos, nunca compartiremos su informaci\u00f3n a menos que nos entregue un permiso por escrito:<\/u><\/h3>\n<ul>\n<li>Prop\u00f3sitos de mercadeo.<\/li>\n<li>Venta de su informaci\u00f3n.<\/li>\n<li>La mayor\u00eda de los casos en que se comparten notas de psicoterapia.<\/li>\n<\/ul>\n<h3><u>En el caso de recaudaci\u00f3n de fondos:<\/u><\/h3>\n<ul>\n<li>Podemos comunicarnos con usted por temas de recaudaci\u00f3n, pero puede pedirnos que no lo volvamos a contactar.<\/li>\n<\/ul>\n<h3><u>Nuestros usos y divulgaciones<\/u><\/h3>\n<p><strong>Por lo general, \u00bfc\u00f3mo utilizamos o compartimos su informaci\u00f3n m\u00e9dica? <\/strong>Por lo general, utilizamos o compartimos su informaci\u00f3n m\u00e9dica de las siguientes maneras.<\/p>\n<h3><u>Tratamiento<\/u><\/h3>\n<ul>\n<li>Podemos utilizar su informaci\u00f3n m\u00e9dica y compartirla con otros profesionales que lo est\u00e9n tratando.<\/li>\n<\/ul>\n<p><strong>Ejemplo:<\/strong> Un m\u00e9dico que lo est\u00e1 tratando por una lesi\u00f3n le consulta a otro doctor sobre su estado de salud general.<\/p>\n<h3><u>Dirigir nuestra organizaci\u00f3n<\/u><\/h3>\n<ul>\n<li>Podemos utilizar y divulgar su informaci\u00f3n para llevar a cabo nuestra pr\u00e1ctica, mejorar su atenci\u00f3n y comunicarnos con usted cuando sea necesario.<\/li>\n<\/ul>\n<p><strong>Ejemplo:<\/strong> Utilizamos informaci\u00f3n m\u00e9dica sobre usted para administrar su tratamiento y servicios.<\/p>\n<h3><u>Facturar por sus servicios<\/u><\/h3>\n<ul>\n<li>Podemos utilizar y compartir su informaci\u00f3n para facturar y obtener el pago de los planes de salud y otras entidades.<\/li>\n<\/ul>\n<p><strong>Ejemplo:<\/strong> Entregamos informaci\u00f3n acerca de usted a su plan de seguro m\u00e9dico para que \u00e9ste pague por sus servicios.<\/p>\n<p><\/p>\n<p><strong>\u00bfDe qu\u00e9 otra manera podemos utilizar o compartir su informaci\u00f3n m\u00e9dica?<\/strong> Se nos <br>permite o exige compartir su informaci\u00f3n de otras maneras (por lo general, de maneras <br>que contribuyan al bien p\u00fablico, como la salud p\u00fablica e investigaciones m\u00e9dicas). <br>Tenemos que reunir muchas condiciones legales antes de poder compartir su informaci\u00f3n con dichos prop\u00f3sitos. Para m\u00e1s informaci\u00f3n, visite: <strong>www.hhs.gov\/ocr\/privacy\/hipaa\/understanding\/consumers\/factsheets_spanish.html<\/strong>, disponible en espa\u00f1ol.<\/p>\n<h3><u>Ayudar con asuntos de salud p\u00fablica y seguridad<\/u><\/h3>\n<ul>\n<li>Podemos compartir su informaci\u00f3n m\u00e9dica en determinadas situaciones, como:<\/li>\n<li>Prevenci\u00f3n de enfermedades.<\/li>\n<li>Ayuda con el retiro de productos del mercado.<\/li>\n<li>Informe de reacciones adversas a los medicamentos.<\/li>\n<li>Informe de sospecha de abuso, negligencia o violencia dom\u00e9stica.<\/li>\n<li>Prevenci\u00f3n o reducci\u00f3n de amenaza grave hacia la salud o seguridad de alguien.<\/li>\n<\/ul>\n<h3><u>Realizar investigaciones m\u00e9dicas<\/u><\/h3>\n<ul>\n<li>Podemos utilizar o compartir su informaci\u00f3n para investigaci\u00f3n de salud.<\/li>\n<\/ul>\n<h3><u>Cumplir con la ley<\/u><\/h3>\n<ul>\n<li>Podemos compartir su informaci\u00f3n si las leyes federales o estatales lo requieren, incluyendo compartir la informaci\u00f3n con el Departamento de Salud y Servicios Humanos si \u00e9ste quiere comprobar que cumplimos con la Ley de Privacidad Federal.<\/li>\n<\/ul>\n<h3>R<u>esponder a las solicitudes de donaci\u00f3n de \u00f3rganos y tejidos<\/u><\/h3>\n<ul>\n<li>Podemos compartir su informaci\u00f3n m\u00e9dica con las organizaciones de procuraci\u00f3n de \u00f3rganos.<\/li>\n<\/ul>\n<h3><u>Trabajar con un m\u00e9dico forense o director funerario<\/u><\/h3>\n<ul>\n<li>Podemos compartir informaci\u00f3n m\u00e9dica con un oficial de investigaci\u00f3n forense, m\u00e9dico forense o director funerario cuando un individuo fallece.<\/li>\n<\/ul>\n<h3><u>Tratar la compensaci\u00f3n de trabajadores, el cumplimiento de la ley y otras solicitudes gubernamentales<\/u><\/h3>\n<ul>\n<li>Podemos utilizar o compartir su informaci\u00f3n m\u00e9dica:\n<ul>\n<li>En reclamos de compensaci\u00f3n de trabajadores.<\/li>\n<li>A los fines de cumplir con la ley o con un personal de las fuerzas de seguridad.<\/li>\n<li>Con agencias de supervisi\u00f3n sanitaria para las actividades autorizadas por ley.<\/li>\n<li>En el caso de funciones gubernamentales especiales, como los servicios de protecci\u00f3n presidencial, seguridad nacional y servicios militares.<\/li>\n<\/ul>\n<\/li>\n<\/ul>\n<h3><u>Responder a demandas y acciones legales<\/u><\/h3>\n<ul>\n<li>Podemos compartir su informaci\u00f3n m\u00e9dica en respuesta a una orden administrativa o de un tribunal o en respuesta a una citaci\u00f3n.<\/li>\n<\/ul>\n<h3><u>Nuestras responsabilidades<\/u><\/h3>\n<ul>\n<li>Estamos obligados por ley a mantener la privacidad y seguridad de su informaci\u00f3n m\u00e9dica protegida.<\/li>\n<li>Le haremos saber de inmediato si ocurre un incumplimiento que pueda haber comprometido la privacidad o seguridad de su informaci\u00f3n.<\/li>\n<li>Debemos seguir los deberes y pr\u00e1cticas de privacidad descritas en esta notificaci\u00f3n y entregarle una copia de la misma.<\/li>\n<li>No utilizaremos ni compartiremos su informaci\u00f3n de otra manera distinta a la aqu\u00ed descrita, a menos que usted nos diga por escrito que podemos hacerlo. Si nos dice que podemos, puede cambiar de parecer en cualquier momento. H\u00e1ganos saber por escrito si usted cambia de parecer.<\/li>\n<\/ul>\n<p>Para m\u00e1s<\/p>\n<p>informaci\u00f3n, visite: <strong>www.hhs.gov\/ocr\/privacy\/hipaa\/understanding\/consumers\/factsheets_spanish.html<\/strong>, disponible en espa\u00f1ol.<\/p>\n<h3><u>Cambios a los t\u00e9rminos de esta notificaci\u00f3n<\/u><\/h3>\n<p>Podemos modificar los t\u00e9rminos de esta notificaci\u00f3n, y los cambios se aplicar\u00e1n a toda la informaci\u00f3n que tenemos sobre usted. La nueva notificaci\u00f3n estar\u00e1 disponible seg\u00fan se solicite, en nuestra oficina, y en nuestro sitio web.<\/p>\n<p><\/p>\n<h3><u>Oficial de Privacidad<\/u><\/h3>\n<p><\/p>\n<p>Administrador del Defensor del Paciente<\/p>\n<p><\/p>\n<p>Correo Electr\u00f3nico: <a href=\"mailto:admin@memorialpharmacyrx.com\">admin@memorialpharmacyrx.com<\/a><\/p>\n<p><\/p>\n<p>Tel\u00e9fono: (844) 358-8500<\/p>\t\t\t\t\t\t\t\t<\/div>\n\t\t\t\t<\/div>\n\t\t\t\t<div class=\"elementor-element elementor-element-285d221 elementor-align-center elementor-widget elementor-widget-button\" data-id=\"285d221\" data-element_type=\"widget\" data-widget_type=\"button.default\">\n\t\t\t\t<div class=\"elementor-widget-container\">\n\t\t\t\t\t\t\t\t\t<div class=\"elementor-button-wrapper\">\n\t\t\t\t\t<a class=\"elementor-button elementor-button-link elementor-size-sm\" href=\"https:\/\/www.memorialpharmacyrx.com\/main\/wp-content\/uploads\/2020\/06\/Memorial-Pharmacy-Notice-of-Privacy-Practices-Spanish.pdf\">\n\t\t\t\t\t\t<span class=\"elementor-button-content-wrapper\">\n\t\t\t\t\t\t\t\t\t<span class=\"elementor-button-text\">Ver\/Imprimir PDF<\/span>\n\t\t\t\t\t<\/span>\n\t\t\t\t\t<\/a>\n\t\t\t\t<\/div>\n\t\t\t\t\t\t\t\t<\/div>\n\t\t\t\t<\/div>\n\t\t\t\t\t<\/div>\n\t\t<\/div>\n\t\t\t\t\t<\/div>\n\t\t<\/section>\n\t\t\t\t<\/div>\n\t\t","protected":false},"excerpt":{"rendered":"<p>aviso hipaa de practicas de privacidad Su informaci\u00f3n. Sus derechos. Nuestras responsabilidades. Esta notificaci\u00f3n describe c\u00f3mo puede utilizarse y divulgarse su informaci\u00f3n m\u00e9dica, y c\u00f3mo puede acceder usted a esta informaci\u00f3n. Rev\u00edsela con cuidado. Sus derechos Usted cuenta con los siguientes derechos: Obtener una copia de su historial m\u00e9dico en papel o en formato electr\u00f3nico. [&hellip;]<\/p>\n","protected":false},"author":1,"featured_media":0,"parent":0,"menu_order":0,"comment_status":"closed","ping_status":"closed","template":"","meta":{"site-sidebar-layout":"no-sidebar","site-content-layout":"page-builder","ast-site-content-layout":"default","site-content-style":"default","site-sidebar-style":"default","ast-global-header-display":"","ast-banner-title-visibility":"","ast-main-header-display":"","ast-hfb-above-header-display":"","ast-hfb-below-header-display":"","ast-hfb-mobile-header-display":"","site-post-title":"disabled","ast-breadcrumbs-content":"","ast-featured-img":"disabled","footer-sml-layout":"","theme-transparent-header-meta":"default","adv-header-id-meta":"","stick-header-meta":"","header-above-stick-meta":"","header-main-stick-meta":"","header-below-stick-meta":"","astra-migrate-meta-layouts":"default","ast-page-background-enabled":"default","ast-page-background-meta":{"desktop":{"background-color":"","background-image":"","background-repeat":"repeat","background-position":"center center","background-size":"auto","background-attachment":"scroll","background-type":"","background-media":"","overlay-type":"","overlay-color":"","overlay-opacity":"","overlay-gradient":""},"tablet":{"background-color":"","background-image":"","background-repeat":"repeat","background-position":"center center","background-size":"auto","background-attachment":"scroll","background-type":"","background-media":"","overlay-type":"","overlay-color":"","overlay-opacity":"","overlay-gradient":""},"mobile":{"background-color":"","background-image":"","background-repeat":"repeat","background-position":"center center","background-size":"auto","background-attachment":"scroll","background-type":"","background-media":"","overlay-type":"","overlay-color":"","overlay-opacity":"","overlay-gradient":""}},"ast-content-background-meta":{"desktop":{"background-color":"var(--ast-global-color-5)","background-image":"","background-repeat":"repeat","background-position":"center center","background-size":"auto","background-attachment":"scroll","background-type":"","background-media":"","overlay-type":"","overlay-color":"","overlay-opacity":"","overlay-gradient":""},"tablet":{"background-color":"var(--ast-global-color-5)","background-image":"","background-repeat":"repeat","background-position":"center center","background-size":"auto","background-attachment":"scroll","background-type":"","background-media":"","overlay-type":"","overlay-color":"","overlay-opacity":"","overlay-gradient":""},"mobile":{"background-color":"var(--ast-global-color-5)","background-image":"","background-repeat":"repeat","background-position":"center center","background-size":"auto","background-attachment":"scroll","background-type":"","background-media":"","overlay-type":"","overlay-color":"","overlay-opacity":"","overlay-gradient":""}},"footnotes":""},"class_list":["post-556","page","type-page","status-publish","hentry"],"_links":{"self":[{"href":"https:\/\/www.memorialpharmacyrx.com\/main\/wp-json\/wp\/v2\/pages\/556"}],"collection":[{"href":"https:\/\/www.memorialpharmacyrx.com\/main\/wp-json\/wp\/v2\/pages"}],"about":[{"href":"https:\/\/www.memorialpharmacyrx.com\/main\/wp-json\/wp\/v2\/types\/page"}],"author":[{"embeddable":true,"href":"https:\/\/www.memorialpharmacyrx.com\/main\/wp-json\/wp\/v2\/users\/1"}],"replies":[{"embeddable":true,"href":"https:\/\/www.memorialpharmacyrx.com\/main\/wp-json\/wp\/v2\/comments?post=556"}],"version-history":[{"count":4,"href":"https:\/\/www.memorialpharmacyrx.com\/main\/wp-json\/wp\/v2\/pages\/556\/revisions"}],"predecessor-version":[{"id":570,"href":"https:\/\/www.memorialpharmacyrx.com\/main\/wp-json\/wp\/v2\/pages\/556\/revisions\/570"}],"wp:attachment":[{"href":"https:\/\/www.memorialpharmacyrx.com\/main\/wp-json\/wp\/v2\/media?parent=556"}],"curies":[{"name":"wp","href":"https:\/\/api.w.org\/{rel}","templated":true}]}}